inder when 214699 is divided by 71564?
7
What is the remainder when 137596 is divided by 128?
124
What is the remainder when 1755 is divided by 574?
33
What is the remainder when 326587 is divided by 73?
58
Calculate the remainder when 59262 is divided by 439.
436
Calculate the remainder when 2159 is divided by 2139.
20
Calculate the remainder when 939 is divided by 758.
181
What is the remainder when 44288 is divided by 7?
6
What is the remainder when 415333 is divided by 48?
37
Calculate the remainder when 7561 is divided by 184.
17
What is the remainder when 45940 is divided by 54?
40
Calculate the remainder when 45070 is divided by 15023.
1
Calculate the remainder when 43503 is divided by 596.
591
Calculate the remainder when 6285 is divided by 1245.
60
What is the remainder when 1187325 is divided by 395773?
6
Calculate the remainder when 3673 is divided by 457.
17
Calculate the remainder when 25061 is divided by 52.
49
Calculate the remainder when 10846 is divided by 201.
193
Calculate the remainder when 366569 is divided by 12640.
9
What is the remainder when 369646 is divided by 151?
149
What is the remainder when 191458 is divided by 278?
194
What is the remainder when 1225 is divided by 11?
4
Calculate the remainder when 33155 is divided by 33152.
3
Calculate the remainder when 99343 is divided by 29.
18
What is the remainder when 56004 is divided by 737?
729
Calculate the remainder when 4432 is divided by 192.
16
Calculate the remainder when 23174 is divided by 978.
680
What is the remainder when 166 is divided by 127?
39
Calculate the remainder when 38431 is divided by 28.
15
What is the remainder when 179628 is divided by 412?
408
Calculate the remainder when 10892 is divided by 187.
46
Calculate the remainder when 2755 is divided by 60.
55
What is the remainder when 131746 is divided by 58?
28
Calculate the remainder when 47257 is divided by 85.
82
Calculate the remainder when 99318 is divided by 145.
138
Calculate the remainder when 2662 is divided by 871.
49
What is the remainder when 4905 is divided by 86?
3
Calculate the remainder when 850 is divided by 359.
132
Calculate the remainder when 4680 is divided by 277.
248
What is the remainder when 218491 is divided by 922?
899
What is the remainder when 3642 is divided by 5?
2
Calculate the remainder when 3438 is divided by 1142.
12
What is the remainder when 795868 is divided by 5?
3
Calculate the remainder when 122543 is divided by 122474.
69
Calculate the remainder when 197808 is divided by 17982.
6
Calculate the remainder when 21975 is divided by 222.
219
Calculate the remainder when 370488 is divided by 6736.
8
Calculate the remainder when 7833 is divided by 1955.
13
What is the remainder when 47746 is divided by 133?
132
Calculate the remainder when 20159 is divided by 40.
39
What is the remainder when 7207 is divided by 1801?
3
What is the remainder when 1324 is divided by 308?
92
What is the remainder when 600920 is divided by 300460?
0
Calculate the remainder when 642333 is divided by 57.
0
Calculate the remainder when 1752055 is divided by 778.
777
What is the remainder when 69025 is divided by 4?
1
What is the remainder when 885936 is divided by 1808?
16
Calculate the remainder when 1202 is divided by 1026.
176
What is the remainder when 1252 is divided by 272?
164
What is the remainder when 5536 is divided by 1375?
36
Calculate the remainder when 1129841 is divided by 427.
426
Calculate the remainder when 34345 is divided by 175.
45
Calculate the remainder when 561 is divided by 33.
0
Calculate the remainder when 2352 is divided by 496.
368
Calculate the remainder when 215418 is divided by 19.
15
Calculate the remainder when 5089 is divided by 935.
414
Calculate the remainder when 2338937 is divided by 7.
6
What is the remainder when 2116 is divided by 191?
15
Calculate the remainder when 2783 is divided by 921.
20
Calculate the remainder when 1263234 is divided by 726.
720
Calculate the remainder when 27903 is divided by 6.
3
Calculate the remainder when 845 is divided by 43.
28
What is the remainder when 211948 is divided by 14?
2
What is the remainder when 79202 is divided by 27?
11
What is the remainder when 12368 is divided by 134?
40
Calculate the remainder when 912 is divided by 241.
189
Calculate the remainder when 6509 is divided by 799.
117
What is the remainder when 809 is divided by 173?
117
Calculate the remainder when 1868 is divided by 743.
382
Calculate the remainder when 53186 is divided by 143.
133
Calculate the remainder when 252080 is divided by 108.
8
What is the remainder when 1207 is divided by 713?
494
Calculate the remainder when 35651 is divided by 35636.
15
What is the remainder when 4531949 is divided by 54?
53
What is the remainder when 93636 is divided by 1216?
4
What is the remainder when 4558 is divided by 138?
4
What is the remainder when 4006 is divided by 334?
332
What is the remainder when 149 is divided by 65?
19
What is the remainder when 7431 is divided by 77?
39
Calculate the remainder when 15708 is divided by 291.
285
What is the remainder when 477466 is divided by 36?
34
Calculate the remainder when 31681 is divided by 146.
145
What is the remainder when 994 is divided by 385?
224
Calculate the remainder when 822766 is divided by 164552.
6
What is the remainder when 1041707 is divided by 28?
23
Calculate the remainder when 14876 is divided by 29.
28
What is the remainder when 846295 is divided by 236?
235
What is the remainder when 400 is divided by 89?
44
Calculate the remainder when 16675 is divided by 44.
43
Calculate the remainder when 6847144 is divided by 207.
205
Calculate the remainder when 4646 is divided by 112.
54
What is the remainder when 1143 is divided by 57?
3
Calculate the remainder when 482353 is divided by 196.
193
Calculate the remainder when 38008 is divided by 9499.
12
Calculate the remainder when 4350 is divided by 4287.
63
Calculate the remainder when 428885 is divided by 119.
9
What is the remainder when 49485 is divided by 21?
9
Calculate the remainder when 33894 is divided by 16945.
4
What is the remainder when 3822 is divided by 1079?
585
Calculate the remainder when 107141 is divided by 5952.
5
Calculate the remainder when 4748 is divided by 108.
104
What is the remainder when 5860 is divided by 263?
74
What is the remainder when 2002 is divided by 994?
14
What is the remainder when 24333 is divided by 304?
13
Calculate the remainder when 16178 is divided by 1785.
113
Calculate the remainder when 2152 is divided by 1044.
64
What is the remainder when 11888 is divided by 111?
11
Calculate the remainder when 893 is divided by 284.
41
What is the remainder when 24822 is divided by 30?
12
What is the remainder when 10549 is divided by 10522?
27
What is the remainder when 7866 is divided by 464?
442
What is the remainder when 1094282 is divided by 68391?
26
Calculate the remainder when 215 is divided by 165.
50
What is the remainder when 2040 is divided by 109?
78
Calculate the remainder when 1662 is divided by 62.
50
Calculate the remainder when 25951 is divided by 721.
716
Calculate the remainder when 14512 is divided by 4806.
94
Calculate the remainder when 239266 is divided by 157.
155
What is the remainder when 28913 is divided by 37?
16
What is the remainder when 85535 is divided by 132?
131
Calculate the remainder when 427169 is divided by 42.
29
Calculate the remainder when 321 is divided by 228.
93
Calculate the remainder when 53646 is divided by 1031.
34
What is the remainder when 124951 is divided by 335?
331
What is the remainder when 1342 is divided by 455?
432
Calculate the remainder when 1428 is divided by 40.
28
Calculate the remainder when 10287 is divided by 96.
15
What is the remainder when 8130 is divided by 1161?
3
What is the remainder when 4750 is divided by 405?
295
Calculate the remainder when 1410 is divided by 655.
100
What is the remainder when 40584 is divided by 45?
39
What is the remainder when 12889 is divided by 4292?
13
Calculate the remainder when 24141 is divided by 48.
45
Calculate the remainder when 2446 is divided by 1196.
54
What is the remainder when 51073 is divided by 68?
5
Calculate the remainder when 15570 is divided by 120.
90
Calculate the remainder w